p) = p**2 + 7*p - 9. Determine z(c).
-9
Let m(t) = -10*t - 12. Let c(d) = -8*d - 10. Let j(r) = -6*c(r) + 5*m(r). Suppose 4*o = 5*q + 32, -146*o + 141*o + 3*q = -40. Calculate j(o).
-16
Let n be (5/(-25))/(((-374)/(-220))/17). Let k(p) = -4*p**3 + 12*p**2 - p - 7. Let z(w) = -3*w**3 + 8*w**2 - w - 5. Let m(y) = 5*k(y) - 7*z(y). Determine m(n).
4
Suppose -9*h = -5*h - 44. Suppose -h = -2*t - 15. Let c be t/6 + (-46)/6. Let m(d) = d**2 + 7*d - 6. Calculate m(c).
2
Let r(y) = 3*y**2 - 16*y + 11. Let u be (5/(-10))/(760/96 - 8). Calculate r(u).
23
Suppose -5*x = -25, x = -2*j + 13 - 0. Suppose 0 = -j*s - 0 + 28. Let l(d) = -2 + 5*d - 9 + 2 - 4*d. Give l(s).
-2
Suppose 883*x = 906*x - 46. Let c(b) = -83*b + 170. Calculate c(x).
4
Let p(c) = 216*c**2 - 6*c + 17. Let h(k) = -286*k**2 + 7*k - 22. Let v(u) = 3*h(u) + 4*p(u). Suppose -5*n - 24 = -2*d, 0 = 3*n + 2 + 10. Determine v(d).
20
Let k(n) = -n + 5. Let y be ((-742)/(-28) + 1)*8/5. Suppose y = 4*c + 24. What is k(c)?
0
Let r(h) = -h - h - 3*h + 8*h. Let i = -11108 - -11107. What is r(i)?
-3
Let w(r) = r**2 + 4*r + 4. Suppose 5*b - 5 = -3*y, 8*b + 20 = 3*b + 2*y. What is w(b)?
0
Let b(k) be the third derivative of -9*k**2 + 1/4*k**4 + 7/6*k**3 + 0 + 1/120*k**6 + 7/60*k**5 + 0*k. What is b(-6)?
7
Let q = -812 - -810. Let c(u) = -3*u + 2. Let t(n) be the first derivative of -8*n**2 + 11*n - 1. Let f(i) = q*t(i) + 11*c(i). What is f(-6)?
6
Let b(k) = -k**2 + k. Let q(s) = 5*s**2 - 4*s + 1. Suppose 6*t - 589 = -613. Let u(v) = t*b(v) - q(v). Let h(n) = n**2 - 6*n + 6. Let a be h(4). What is u(a)?
-5
Let n = -16721 + 16726. Let x(v) = -3*v**2 - 12*v + 139. Determine x(n).
4
Let s(t) = -9*t + 1. Let i be (2 - 4) + (-11 - 3/(-1)). Let y be (-98)/(-34) - i/85. What is s(y)?
-26
Let q = -6364 + 6358. Let b(c) = 2*c - 4. Calculate b(q).
-16
Let k = -3217 - -3225. Let n(o) = -o**3 + 8*o**2 + 3*o - 10. Give n(k).
14
Suppose 2*f = -k + 308, 566 = 3*k - 2*f - 358. Let g be ((-8)/3)/((-2)/3). Let c(a) = k*a + g - 2 - 307*a. What is c(-9)?
-7
Let y be (-19)/(-6) - (3 + 51/(-18)). Let m(b) = -11 - 3 + b + 19 - 3 - y. What is m(3)?
2
Let m(b) = 22 + 28 - 12*b + 41 + 54 - 105. What is m(7)?
-44
Suppose 322 = -63*x - 119*x + 21*x. Let p(b) = 2*b**3 - 4*b - 5. Calculate p(x).
-13
Let f(s) = -2*s**3 - 19*s**2 - 33*s + 14. Suppose -13*n + 29 = -2*t - 16*n, -t - 4*n = 27. Calculate f(t).
0
Suppose -2*z - 9 = -5*z. Let p(n) = -n + 1. Let t(m) = 5*m - 3. Let l(v) = z*p(v) + t(v). Suppose 42*b = 48*b + 18. Give l(b).
-6
Let j(a) = -18*a**2 + 244 - 17 - 224 - 17*a - a**3. Give j(-17).
3
Let v(p) be the second derivative of -p**4/6 - 13*p**3/3 - 5*p**2 - 1310*p - 2. Give v(-13).
-10
Let q(p) be the third derivative of -1/3*p**4 - 32 - 2*p**2 - 5/3*p**3 + 0*p - 1/60*p**5. Suppose -14 = r + r. What is q(r)?
-3
Let k(i) be the third derivative of 11/24*i**4 + 73*i**2 + 1/3*i**3 + 0 + 0*i. Determine k(1).
13
Let p(s) = s**3 + 5*s**2 - 8*s - 7. Let z = -18 + 41. Suppose 6*b = -v + 5*b - 7, -4*v + b = z. Determine p(v).
5
Let t = 58 - 62. Let j(y) = -25*y. Let g(k) = 11*k. Let w(d) = 9*g(d) + 4*j(d). What is w(t)?
4
Let o(x) = 2*x**2 + x - 1. Let l be o(-2). Let k be ((-12)/30)/(1/l). Let p(t) = 2 - 122*t - 100*t + 339*t - 114*t + 2*t**2. What is p(k)?
4
Let s(f) = f**2 + 7*f + 10. Let l be s(-6). Suppose l*g - 9 = -3*r + 16, -23 = -5*r - 2*g. Let t(z) = -z + 4*z**r - 3*z**3 - 6*z + 2*z - 3*z**2. Give t(4).
-4
Let o(r) be the third derivative of 1/60*r**5 + 1/4*r**4 + 0*r - 11/6*r**3 - 205*r**2 + 0. Determine o(-7).
-4
Let t be (10/6)/((-8)/(-24)). Suppose t*w - n - n = -9, 2*w + 6 = 2*n. Let j(s) = s**2 + 226*s + 2*s**3 + 2*s**3 - 225*s. Calculate j(w).
-4
Let z(t) = -43*t**3 - 10*t**2 + 10*t - 24. Let j(g) = -3*g**3 - g**2 + g - 2. Let u(b) = 11*j(b) - z(b). Calculate u(1).
12
Let w(i) be the second derivative of -1/20*i**5 + 89*i + 0 + 7/12*i**4 - 7/6*i**3 + 3*i**2. What is w(4)?
26
Suppose 4*n = -i + 44, n - 4*i = 25 + 3. Suppose 0 = -13*r + 11*r + n. Let m(d) = d**3 - 5*d**2 - 8*d - 4. What is m(r)?
-16
Let r be (-222)/(-18) + 2 + (-1)/3. Let l(c) = -2*c**3 - 6 - 7 + r - 24*c**3 - 2*c**2. Let v(t) = 16*t - 79. Let q be v(5). What is l(q)?
-27
Let x = -6 - -7. Let w(u) = -u + 1. Let b be w(-1). Let k(j) = -j**2 - 5*j**2 - 21*j**3 + 6*j**b - j**2. Give k(x).
-22
Suppose 0 = 134*j - 234*j + 2800. Let d(q) = -5*q + 140. Give d(j).
0
Let d(m) = -37 - 228*m + 698*m - 239*m - 227*m + 3. Calculate d(7).
-6
Let n(h) be the second derivative of 3/10*h**5 + 1/2*h**2 + 0 + 12*h - 1/6*h**3 + 0*h**4. Let v be 2*(6/(-4))/(-3). Determine n(v).
6
Let u(n) = -2*n**2 - 22*n - 22. Let f be (16 - 38)/22*11. Calculate u(f).
-22
Let p = 5197 + -5193. Let t(d) be the first derivative of 1 + 7/2*d**2 - d**3 + 6*d - 1/4*d**p. Calculate t(-5).
21
Let q be 6/(-4)*14/18*-6. Suppose 0 = -q*t - 4*t + 33. Suppose -5*h - z - 9 = 3*z, t*z = h - 2. Let w(b) = 4*b. Calculate w(h).
-4
Let g(d) = d**2 + 6*d - 253. Let x be g(-19). Let i(a) = 8*a - 4*a**2 - 7 - a + 5*a**2. What is i(x)?
-13
Let w(n) = -n**3 + 8*n**2 - 12*n + 3. Let l = 371 - 366. Determine w(l).
18
Let w(y) = 2*y**3 - 12*y**2 - 7*y - 17. Let v(c) = c**3 - 7*c**2 - 4*c - 9. Let m(u) = 5*v(u) - 2*w(u). Determine m(12).
61
Let o(s) = 39*s**3 + s**2 - 4*s. Let y be o(-2). Let j = y - -300. Let m(p) = p**3 - p + 4. Calculate m(j).
4
Suppose 9*n - 2*t = 11*n - 6, -3*t = -5*n + 7. Let z(c) = 11*c**n - c**3 - 66 + 119 - 10*c - 54. Determine z(10).
-1
Let t be (((-3)/6)/((-1)/(-12)))/(-2). Let k be t - -1 - 1/1. Let v(m) = -k - 9*m - m**2 - 2 - 3. What is v(-7)?
6
Let m(j) = 4*j + 3. Let v(b) = 174*b**2 + 869*b - 5. Let n be v(-5). Give m(n).
3
Let o(v) = v**3 + 7*v**2 - v - 7. Let j be (-2 - -1) + (-19)/((-133)/28). Suppose 0 = -5*k - j - 32. Determine o(k).
0
Let q = 44 + -80. Let v = q + 37. Let g be v - (7 - (0 - 0)). Let y(k) = -k**2 - 5*k + 2. Calculate y(g).
-4
Let h(g) = -23*g - 2. Let z(r) = -35*r - 2. Let y(k) = -3*h(k) + 2*z(k). Let b = -4 + 13. Give y(b).
-7
Let x(j) = j**2 - j - 4. Let y be x(-3). Let n(l) = 8 + 0*l**3 + l**3 - y*l**2 - 2*l**3. Suppose 0 = -4*h + u - 34, 30 = -5*h + h - u. Calculate n(h).
8
Let m(w) = 3*w**2 - 2*w. Let r be m(5). Suppose 170 = 3*y - f, 0 = 69*y - 71*y - 5*f + 102. Let h = y - r. Let l(b) = -b**3 - 8*b**2 + 7*b - 11. Calculate l(h).
7
Let t(j) = -j**3 - 2*j**2 + 2. Suppose 10*f + 14*f = 360. Suppose 2*h - u = 7 - 12, 5*h - 5*u + f = 0. Determine t(h).
2
Let o(n) = n**2 + 7*n + 1. Let s(f) = f + 1. Let h(k) = -o(k) + 6*s(k). Let q(u) = u**3 + 6*u**2 - 19*u - 20. Let d be q(-8). Suppose 0 + 0 = d*x. What is h(x)?
5
Let c(m) = -m**3 - 6*m**2 - 8*m - 5. Let j = 615 + -615. Let l(r) = 48*r - 5. Let s be l(j). Calculate c(s).
10
Let p(y) be the third derivative of y**6/120 - 11*y**5/20 + y**4/24 - 6*y**3 + 244*y**2 - 7*y. Calculate p(33).
-3
Let i(t) = -31*t + 9*t + 15*t + 5 + 11*t. Suppose 12 = 4*f + 4. Let d(j) = -j - 2. Let z be d(f). Give i(z).
-11
Let s(z) = -64*z**2 + 30*z**2 + 48*z - 50*z + 35*z**2 - 8. Calculate s(5).
7
Let c(s) = s + 7. Let b(n) be the second derivative of -n**4/6 - n**3/3 + 7*n**2/2 + 78*n. Let x be b(-3). Calculate c(x).
2
Let p(y) be the second derivative of -y**4/4 - 7*y**3/6 + 60*y**2 - 141*y. Let a(g) be the first derivative of p(g). Determine a(5).
-37
Let g(k) = -k**2 - 23*k - 16. Let c = -1134 - -1112. Give g(c).
6
Let t(b) = 2*b - 9. Suppose 0*c - c = -5. Suppose -5 = -c*s, 5*w + 95 = -3*s + 498. Suppose 8*k = 18*k - w. What is t(k)?
7
Let u(m) = -9*m + 19. Let g(w) = -4*w + 9. Let y(l) = -7*g(l) + 3*u(l). Suppose 23 - 41 = 3*i. Calculate y(i).
-12
Suppose 3*f - 2*r = -16 + 47, 4*r = -f + 1. Let i = -4 + f. Let j(k) = -5*k - 5*k + 5*k + k**2 - 1. Determine j(i).
-1
Let l(u) = -7*u**2 - 3*u + 1060562 - 5*u - 1060557 + u**3. Give l(6).
-79
Suppose 27 = -3*u + 4*o, -21*u - 2*o + 9 = -22*u. Let p(r) = r + 4. What is p(u)?
-5
Let t(y) = y + 7. Let m(r) = 3*r**2 - 17*r + 20. Let c be m(4). Suppose c*b - 76 = 19*b. Calculate t(b).
3
Let n be (4 + 63/(-14))*-14. Suppose n*k - 11 = -60. Let d(b) = 4*b**2 + 8 - 5*b**2 - 5*b + 0*b**2. Give d(k).
-6
Let o(y) = -y**2 - 20*y + 148. Let a be 2592/1872*39/9. Give o(a).
-8
Let y(o) = -45*o - 22. Let p(k) = 102*k + 45. Let m(a) = 3*p(a) + 7*y(a). Give m(-8).
53
Let z(m) = 2*m + 23*m - 1388*m**3 